 is the units digit of r?
3
Let l(x) = -13*x + 645. What is the hundreds digit of l(0)?
6
Suppose 4*b + 5*c = c + 148, 4*b - 151 = -5*c. Let k = b - 30. Suppose 0 = 3*f - 5*a - 61, 8*a + 74 = k*f + 5*a. What is the units digit of f?
7
Let f(d) = 113*d**2 - 7*d + 4. What is the units digit of f(2)?
2
Let l be ((-2)/5)/(3/(-45)). Suppose -p + 71 - l = 0. What is the tens digit of p?
6
Let m = 19 + -13. Suppose 0*u = -3*c - 5*u - 31, -4*c = 3*u + 34. What is the units digit of 206/m - c/(-21)?
4
Suppose 11*h + 60 = 15*h. Let n be (-3 + -2)*(-213)/h. Suppose 2*d = 3*k + n, k - 5*k = 5*d - 143. What is the tens digit of d?
3
Suppose -32*x = 57*x - 390087. What is the tens digit of x?
8
Let n = -37 - -200. What is the units digit of n?
3
What is the tens digit of (-4)/8*11/(11/(-34))?
1
Let l(s) = -14*s**3 - 16*s**2 + 3*s + 4. Let m(v) = -5*v**3 - 5*v**2 + v + 1. Let q(t) = 2*l(t) - 7*m(t). Let h = 1 - -1. What is the units digit of q(h)?
7
Suppose -5*o + 145 = -5*n, 5*o - n - 100 = -5*n. Suppose 72 = 28*v - o*v. What is the units digit of v?
8
Let y = -69 + 106. Suppose -2*w + 3 = r - y, -5*r - 66 = -4*w. What is the units digit of w?
9
Let r = 4605 + -1661. What is the hundreds digit of r?
9
Suppose 9*o = 13*o - 764. Suppose 44 = -t + o. What is the hundreds digit of t?
1
Let b(i) = -11*i**3 + 2*i**2 + 3*i + 2. Let a be b(-1). Let j = a - 10. What is the units digit of 2/(-4)*(j + -4)?
1
Let m = 137 - 119. What is the tens digit of m?
1
Suppose y - 37 = -6. What is the tens digit of y?
3
Let x(v) = -2*v + 2. Let p be x(-1). Suppose -7*n = -p*n + 3*g - 273, -92 = -n - 2*g. What is the tens digit of n?
9
Suppose 11154 = 87*u - 16512. What is the units digit of u?
8
Let y(m) = 16*m - 1. Let q = 45 + -42. What is the units digit of y(q)?
7
Let s(d) = d - 23. Let f be s(17). Let a(o) = -o**3 - 5*o**2 - 17*o + 3. What is the units digit of a(f)?
1
Let c = 6 + -5. Let t(j) = -1 + c - 1 + 4*j + 3. What is the units digit of t(3)?
4
Suppose -97*m - 78 = -103*m. Suppose -68 = -4*f + 20. Let u = f - m. What is the units digit of u?
9
Let l(h) = 19*h + 31. Let w(x) = 20*x + 29. Let o(j) = -7*l(j) + 6*w(j). What is the units digit of o(-17)?
8
Suppose 2*f - 13 + 3 = 0. Suppose 8*n = -f*c + 9*n + 536, n - 544 = -5*c. What is the hundreds digit of c?
1
Suppose 3*b = -5*u - b + 14, -5*u = b - 11. Let k(m) = 16 - m**3 - 10*m**2 + 14*m - 2*m**u - 24*m. What is the units digit of k(-11)?
5
Suppose -2*p + 4 = -0*p. Suppose -p*n + 2 = -8, 0 = 5*l - 4*n - 110. Let q = 60 - l. What is the tens digit of q?
3
Let k = 102 + -172. Let i = -57 - k. What is the tens digit of i?
1
Let i(p) = p**2 - 5*p - 1. Let t be i(6). Suppose 0 = t*g - 141 - 44. Suppose 3*x = -u + 12, 8*x - 3*x = 4*u + g. What is the units digit of x?
5
Let p = 1029 + -735. What is the hundreds digit of p?
2
Let z = -22 + 38. Suppose z = -q + 61. What is the tens digit of q?
4
Let l(g) = g**3 - 12*g**2 + g - 9. Let m(h) = h**2 + 10*h - 12. Let y be m(-12). Let u be l(y). Suppose u*s - s - 86 = 0. What is the units digit of s?
3
Let w = -569 + 1357. What is the units digit of w?
8
Suppose 43*z + 18*z - 123952 = 0. What is the tens digit of z?
3
Suppose 32*s - 33500 = -18*s. What is the hundreds digit of s?
6
What is the units digit of (-108)/21*(12 + -47)?
0
Let h(f) = 33*f**2 - 4*f - 17. What is the hundreds digit of h(-9)?
6
Let f = -1511 + 2162. What is the tens digit of f?
5
Suppose -6*w - 1211 + 4481 = 0. What is the hundreds digit of w?
5
Suppose 0 = -6*d + 205 + 797. What is the hundreds digit of d?
1
Suppose -3*j + 11*j = 208. Suppose 3*m - j = 37. What is the units digit of m?
1
Let y(k) = 572*k - 1091. What is the units digit of y(12)?
3
Let l = -8 - -9. Let g be (-1)/(-2) - (-27)/6. Let x = g + l. What is the units digit of x?
6
Suppose 4*x - 1575 = -119. Suppose n - 5*n = -x. What is the units digit of n?
1
Let s(p) = p**2 - 33*p - 29. Let f(g) = g**2 - 17*g - 14. Let w(l) = 5*f(l) - 3*s(l). What is the tens digit of w(-10)?
7
Let m = 1813 - 934. What is the tens digit of m?
7
Let w = -6193 - -10760. What is the thousands digit of w?
4
Let f(v) = 2304*v**2 + 5*v - 6. What is the units digit of f(1)?
3
Let s be (-9)/7 - 10/(-35). What is the tens digit of (1*(-212)/(-1 - -5))/s?
5
Suppose 1079 + 573 = 4*n. Suppose 0*m + m = -s + 97, -4*s = -m - n. Suppose 23 = g - 7*p + 4*p, 0 = 4*g - 2*p - s. What is the units digit of g?
6
Suppose y - 203 = -f, 0*f - 1008 = -5*y + 2*f. Let b = -96 + y. What is the units digit of b?
6
Let f be (3/6 + 1)*(-112)/(-24). What is the units digit of 3/f - 1537/(-7)?
0
Let z(c) = 2*c**2 - c + 2. Let q be z(1). Suppose -3*j = 5*r - 165 - 175, 0 = -r - q*j + 68. What is the tens digit of r?
6
Suppose 5 = 5*r - 20. Suppose -2*g + 5*x = 5, 1 = r*g - 2*x + 3*x. Suppose g = 3*f - 19 - 134. What is the tens digit of f?
5
Let n = -4595 - -7077. What is the hundreds digit of n?
4
Let y(a) = 3*a**2 - 9*a - 17. What is the hundreds digit of y(21)?
1
Let p(t) be the third derivative of 17*t**5/60 - t**4/12 - 4*t**3/3 + 32*t**2. What is the hundreds digit of p(4)?
2
Let i be (4 - -2) + (3 - 6). Let v = i - 4. Let d = 2 - v. What is the units digit of d?
3
Let a = -30 + 258. What is the hundreds digit of a?
2
Suppose -3*g + 1090 = 4*o, g - 6*g + 1826 = 2*o. Suppose -31*h = -37*h + g. What is the units digit of h?
1
Suppose -8 = -4*x, -3*g - 3805 = -8*g + 5*x. What is the hundreds digit of g?
7
Suppose -5*m - 17*g + 13*g + 2605 = 0, 0 = -3*m + g + 1563. What is the tens digit of m?
2
Suppose 4*p - 5*o = -3*o + 8, -6 = -3*p - 2*o. Suppose 2*m - 4*c - 12 = 0, 0*c - 36 = -2*m - p*c. What is the tens digit of m?
1
Suppose 8*h - 2*k + 1535 = 11*h, -k - 1541 = -3*h. What is the tens digit of h?
1
Suppose 4*o - x = -2*x + 18092, -3*o + 2*x + 13580 = 0. What is the tens digit of o?
2
Let h be (-6 - -30)/4 + 6. Let x(n) = -n - 2. Let i be x(-2). What is the units digit of ((-4)/h + i)*-33?
1
Let v = -1023 + 1923. What is the tens digit of v?
0
Let m(a) = -6 - 3 + 2*a + 3 - 1. Let h be m(7). Let l = 4 + h. What is the units digit of l?
1
Let v = 30 + -45. What is the tens digit of (-7 - -2)/(3/v)?
2
Suppose 0 = -4*h - 8, -5*p + h + 7 + 10 = 0. Suppose 125 + 256 = p*d. What is the units digit of d?
7
Let y(c) = 2*c**2 - 26*c - 30. What is the hundreds digit of y(-15)?
8
Let u(g) = 7*g**2 + 9*g + 5. Let z = 41 + -45. What is the units digit of u(z)?
1
Let d(y) = 75*y - 206. What is the hundreds digit of d(7)?
3
Let x be ((-4)/(-5))/2 - (-10368)/30. Let t = x + -220. What is the units digit of t?
6
Let l(u) = 2*u**2 + 10*u + 3. Let c be l(-4). What is the tens digit of (4 + c)*15*-3?
4
What is the hundreds digit of -28 + 37 - -3*1031?
1
Let b be (2/(-5))/((-5)/(-25)). Let l(k) = 23*k + 5. Let h be l(-4). What is the tens digit of (-8)/(-12)*h/b?
2
Let x = -465 - -682. What is the units digit of x?
7
Suppose 2*c + 1998 = -2*l, -5*c = l - 13 + 992. What is the tens digit of -4 + 75/21 - l/7?
4
What is the hundreds digit of ((-2)/4)/(34/(-9112))?
1
Let t(p) = 31*p - 158. Let u be t(6). Let b(j) = -j - 14. Let d be b(0). Let l = u + d. What is the units digit of l?
4
Let s(b) = 4825*b**2 + 4*b - 2. What is the tens digit of s(-1)?
1
Suppose w + 4*i - 14 - 10 = 0, 15 = 5*w - i. Suppose -w*a + 38 = u, u - 3*a - 21 = -u. What is the tens digit of u?
1
What is the units digit of (-3)/15 + (-8712)/(-60)?
5
Let s be 1/10 - (-29)/10. Suppose -s*f = -0*l - l - 216, -3*l + 144 = 2*f. What is the tens digit of f?
7
Suppose -4*r - 227 = -3*b - 0*b, -r = 4*b - 309. Suppose -3*g = q - g - b, -226 = -3*q - 5*g. What is the units digit of q?
7
Let l = 13 + -10. Suppose o = 2*o + 3, -o = l*x + 9. Let p(s) = -4*s + 2. What is the units digit of p(x)?
0
Suppose 0 = -4*g - 4*f + 1589 + 3599, -4*g - 2*f = -5182. What is the thousands digit of g?
1
Let r(y) = y**2 - 5*y + 2. Let n be r(3). Let c(g) = 6*g. Let h be c(-1). What is the units digit of (-1 - n)/(h/(-22))?
1
Suppose 0 = -3*c + 7*c - 16. Suppose 4*n - 2*x = -18, c*n + x - 6*x + 27 = 0. What is the tens digit of -38*3/18*n?
1
Suppose 0*w = 4*w - 12. Suppose 0 = v + w*v - 4*f - 32, v - 2*f = 12. Suppose 4*g - 3*j = -v*j + 143, 2*j = -g + 41. What is the units digit of g?
5
Suppose 0*c + 4*c - 64 = 0. Suppose 5*m - 200 = -65. Let o = m - c. What is the tens d